 factor of i and n.
2
Let w(r) = r**2 - 4*r + 3. Let f be w(4). Suppose 5*v = -4*j + 28, 7*j = f*j - 12. Suppose 0 = l - 0 - 32. What is the highest common factor of l and v?
8
Let u be 34 + 2/(-2 + 1). Suppose 2*v = 4*v + 3*w + 3, -3*v + 3 = 2*w. Suppose -20 = v*y - 8*y. Calculate the highest common factor of u and y.
4
Let c(t) = 2*t**2 + 4*t**2 - 4*t**2 + 0*t - t - 4. Let v be c(3). Let g = 19 - v. What is the highest common factor of 8 and g?
8
Suppose 15*v - 38 = -4*v. Let n(i) = i - 3. Let s be n(5). What is the highest common divisor of v and s?
2
Let q = -9 - -27. Calculate the greatest common factor of 6 and q.
6
Let g be 4/8*52/2. What is the greatest common divisor of g and 91?
13
Let p(n) = n**3 + 9*n**2 - n. Let q be p(-9). Let j(a) = a + 5. Let u be j(4). Let b = u + 0. What is the highest common factor of q and b?
9
Let g = 8 + -2. Suppose -23 = -4*p - 4*u + 5, 0 = -2*p + 5*u + 28. Suppose 5*n - 29 + p = 0, -3*n - 6 = -2*i. What is the highest common factor of i and g?
3
Let c = 1 + -1. Let h(j) = j**2 + j + 18. Let k be h(c). What is the greatest common divisor of k and 162?
18
Let l be (-8)/32 + 357/4. Suppose -5*u + 649 = l. What is the highest common divisor of 16 and u?
16
Let b(d) = d**3 + 2*d**2 + 2*d + 1. Let v be b(-1). Suppose 4*y + 7 - 63 = v. Let z = 45 + -31. Calculate the greatest common factor of z and y.
14
Suppose 0 = 70*b - 71*b + 46. What is the greatest common divisor of b and 184?
46
Suppose -3*s = -2*t + 45 + 9, 0 = 2*t - 2*s - 50. What is the highest common factor of t and 21?
21
Let r(g) = 2*g**2 - 6*g + 16. Let q be r(7). Suppose 3*s = -2*l - 3*l + 45, -s = 2*l - 18. Calculate the highest common factor of q and l.
9
Let l(i) = -77*i + 5. Let x be l(-8). Suppose 2*p + 3*p - 4*y = x, 4*p + 2*y - 476 = 0. Calculate the highest common divisor of p and 11.
11
Suppose -5*p + 5 = -0. Suppose q = -0*q + p. Let z be (66/5)/(q/5). Calculate the greatest common factor of 6 and z.
6
Let u = -59 - -104. Suppose 2*q - 5*s - u = -2*s, 4*s - 42 = -3*q. Suppose 0 = -4*y - 0*y + 720. What is the highest common factor of y and q?
18
Suppose 3*j + 3 = v, j = 4*j + 9. Let p be (2/3)/(2/v). Let u be p*(-3)/6 + 19. Calculate the greatest common divisor of u and 80.
20
Let l(n) = 3*n**2 - 3*n - 2. Let p be l(-5). What is the greatest common divisor of 8 and p?
8
Let c = -28 + 103. Calculate the greatest common divisor of 30 and c.
15
Suppose 2*v - 3*v = -60. What is the highest common factor of v and 24?
12
Let t be (-1 - 0 - 1) + 110. Let m = -180 + 192. What is the greatest common divisor of m and t?
12
Let z be 14/(2/(-6)*-3). What is the highest common factor of z and 98?
14
Suppose 0 = 5*m + u - 33 - 35, 0 = -u - 2. Let x = -160 + 78. Let z be (-1)/(-2) - x/4. Calculate the highest common divisor of z and m.
7
Suppose -5*z + 15 = 3*h, -2*h + 4*z - 8 = 4. Let b = 3 + h. Calculate the greatest common factor of b and 1.
1
Suppose 0 = -n + 6*n - 50. Let v = n - 5. Suppose 5*s - 22 = 2*r - 7, -v = -s. Calculate the highest common divisor of r and 20.
5
Suppose 0 = 5*l - 21 - 34. What is the highest common divisor of 99 and l?
11
Let d(c) = -c**3 + 3*c**2 + c. Let l be d(3). Suppose l*m = -m + 92. Calculate the greatest common factor of 161 and m.
23
Let o be ((-32)/6)/(2/(-12)). Suppose 5*g = 3*h + h + 14, 4*h = 2*g - 20. Let s(j) = -3*j - 2. Let t be s(h). What is the greatest common factor of t and o?
16
Suppose q - 18 = -3*u + 69, 5*q = -3*u + 483. Calculate the greatest common divisor of q and 11.
11
Let q(u) = 2*u**2 + u - 4. Let j be q(-3). Let n(v) = v**2 - v + 2. Let p be n(-6). What is the highest common divisor of j and p?
11
Let b = 0 + 2. Suppose 4*q + 0*a = b*a + 154, 0 = -q - 3*a + 21. What is the highest common factor of q and 4?
4
Let o = 1218 + -679. Calculate the highest common divisor of 49 and o.
49
Let u = 8 - 15. Let r be (-72)/u - (-4)/(-14). Suppose -w + 42 = -68. Calculate the highest common divisor of w and r.
10
Suppose 5*s = 36 + 34. Let z be (4 + -3)/((-2)/s). Let t(v) = v**3 + 8*v**2 - 3*v - 5. Let x be t(z). What is the greatest common divisor of x and 26?
13
Suppose 9*c - 65 = 4*c. What is the greatest common divisor of 13 and c?
13
Let q(b) = b**3 - 5*b**2 - 2*b + 4. Let h be q(6). Calculate the greatest common factor of h and 28.
28
Let o(v) = 14*v + 7. Let b be o(4). What is the highest common factor of b and 7?
7
Let t(z) = -z**2 + 4*z + 4. Let p be t(4). Suppose -p*x = -x - 18. Let n be 1 - (-2 - (2 - 3)). What is the greatest common factor of x and n?
2
Let s(z) = z**2 + 4*z + 2. Let o be s(-4). Let r = -28 + 29. What is the greatest common factor of r and o?
1
Let o be (8/10)/(6/15). Let d = 1 + o. Suppose d*a = 8 + 16. What is the highest common divisor of 40 and a?
8
Suppose -2*g - g + 585 = 5*y, 0 = -5*y + g + 605. Let x = -64 + y. Suppose 0 = t - 5*r - 23, t + r + 27 = 4*t. Calculate the greatest common divisor of t and x.
8
Let q be ((-1)/((-3)/6))/2. What is the highest common divisor of 31 and q?
1
Suppose -46 = -4*a + 42. Calculate the greatest common divisor of 11 and a.
11
Let r(v) = -v**2 + 7*v + 12. Let d be r(7). Calculate the highest common divisor of 96 and d.
12
Let f(r) = r**2 - 4*r. Let v be f(-3). Suppose -2*h + 4*g + 8 = 0, 3*h + 2*g - 73 = -v. What is the highest common divisor of 140 and h?
14
Suppose u = 21 - 3. Suppose 0 = 3*v - 108 - u. Suppose 5*g = 4*b + 50, -g + 2*b = b - 9. Calculate the greatest common factor of v and g.
14
Let g(f) = -4*f + 30. Let v be g(-12). Calculate the greatest common factor of 52 and v.
26
Let o = -21 + 46. Calculate the highest common factor of o and 25.
25
Let j be 18/4*(-16)/(-12). Calculate the highest common factor of 54 and j.
6
Let y = 24 + -21. Calculate the greatest common divisor of 15 and y.
3
Let n = 0 - -12. What is the greatest common divisor of n and 3?
3
Let r be 63/(-14)*(-4)/9. Calculate the highest common factor of 4 and r.
2
Suppose 6 = 5*g - 4. What is the highest common divisor of g and 8?
2
Let s = -98 + 111. Suppose 10 = -2*m, 3*r + m - 1198 = -0*r. Suppose 4*i = -3*o + r, 0 = -3*i - 3*o + o + 302. Calculate the greatest common factor of s and i.
13
Suppose 2*b = -0 + 2. Let z(s) = 20*s**3 + s**2 + s - 2. Let o be z(b). What is the highest common divisor of 30 and o?
10
Suppose -7*l + l = -216. What is the greatest common factor of 126 and l?
18
Suppose 11*r - 450 = r. Calculate the highest common divisor of r and 15.
15
Suppose 223 = 4*q - 4*k - 125, 2*k - 251 = -3*q. Calculate the greatest common divisor of q and 17.
17
Suppose 50 = z + 10. What is the greatest common divisor of 5 and z?
5
Suppose -2*k - 6 + 32 = 0. Let m = 9 + k. Suppose -394 = 8*p - 1098. Calculate the highest common factor of p and m.
22
Let r = 167 + -71. What is the highest common factor of 12 and r?
12
Let l(r) = -r**3 - 2*r**2 - r + 8. Let g be l(0). What is the highest common divisor of g and 72?
8
Let b be 414/12 - 2/4. Let t be 20*6/(-20)*-14. Let h = t - b. Calculate the greatest common divisor of h and 20.
10
Let v(l) = 4*l**3 - 2*l**2 - 4*l - 1. Let w be v(3). Calculate the highest common factor of w and 7.
7
Suppose 4*c - 3*c = -5*q - 13, q = -3. Suppose n = -c*y - n + 76, 3*n = -6. What is the highest common divisor of 10 and y?
10
Let m(h) = 4*h. Let o be m(3). Let v be (o/(-10))/(9/(-30)). Calculate the highest common factor of 12 and v.
4
Let t = -16 + 32. Let b = -371 - -387. Calculate the highest common factor of t and b.
16
Let s = -29 - -69. Let y = -60 - -65. Calculate the highest common factor of s and y.
5
Suppose m + 51 = 4*m. Calculate the highest common factor of m and 153.
17
Suppose -3*o = -4*o + 10. Suppose -35 = -2*c - 5*r, -5*c + 6*r + 53 = 7*r. Calculate the greatest common divisor of o and c.
10
Suppose 2 = m - 1. Let z be (-1)/((3/(-143))/m). What is the greatest common divisor of 13 and z?
13
Suppose -12 + 4 = -4*b. Suppose 3*j + b*j = 120. What is the highest common factor of 36 and j?
12
Suppose -72 = -4*i - 0*i. Calculate the highest common divisor of i and 27.
9
Let j(l) = -l - 5. Let a be j(-5). Suppose -4*k = k - 15. Suppose k*z - 5*b - 24 = a, 0 = 3*z - 0*z + 5*b - 54. What is the greatest common factor of 39 and z?
13
Suppose 5*k = 2*j + k - 12, 3*k - 9 = -3*j. Let r be 16/j + (2 - -1). What is